t f(x) = -x**2 + 7*x - 5. Suppose 2*d = -3*d + 80. Let s = -10 + d. Suppose -2*p + 4 + s = 0. What is f(p)?
5
Let s(y) = 3*y**3 + y**2 - y + 2. Let i(h) = 3*h + 10. Let v be i(-4). What is s(v)?
-16
Let a(x) = x + 0*x + 4*x. Suppose 4 = 6*p - 2*p. Determine a(p).
5
Let t be (0 - -3)*(-1 + 2). Let d = -9 - -18. Let s(r) = 5*r**2 - 7*r. Let p(z) = 11*z**2 - 15*z. Let n(u) = d*s(u) - 4*p(u). Calculate n(t).
0
Let t(b) = -b**2 + 6*b + 5. Let p(s) = -2*s**2 + 12*s + 8. Let c(g) = 4*p(g) - 7*t(g). Give c(7).
-10
Let m(z) = 3*z - 4. Let g be (6/4)/((-1)/(-2)). Give m(g).
5
Let i = -119 + 121. Let x(z) = -7*z - 3. Let j(c) = 10*c + 5. Let d(v) = -5*j(v) - 8*x(v). What is d(i)?
11
Suppose 0 = 4*u - 7 - 1. Suppose 4*r = 4 + 4. Let t(v) = -5*v**r + 0*v**u + 4 + 4*v**2 + 6*v. Calculate t(5).
9
Let a(s) be the third derivative of 0*s + 3*s**2 - 1/6*s**3 - 1/60*s**5 + 0 + 1/12*s**4. Calculate a(3).
-4
Let c(o) = 5*o**2 - 6*o + 2. Let s(f) = 4*f**2 - 6*f + 2. Let d(t) = -5*c(t) + 6*s(t). Calculate d(-7).
-5
Let h = 4 + -1. Suppose -h*u = u - 12. Let q(l) = -l**u + 2*l - 3 + 2*l**3 + 3*l**2 - l. Determine q(-3).
-6
Suppose 0*a - 15 = -5*y + 4*a, -3*a + 8 = -y. Suppose -3*h + y = 4*i, i + 0*h = 4*h + 16. Let n(w) = w - 2. Give n(i).
2
Let v(w) be the third derivative of w**4/24 - w**3/3 - 8*w**2. Determine v(4).
2
Suppose 0 = -5*s + 4*w + 47 - 15, 3*s + 5*w + 3 = 0. Suppose -s*f + f + 9 = 0. Let t(x) = -f - 3*x + 5*x - x**2 + x. Give t(4).
-7
Let w be (-4)/(-2) + (-3 - (-3 - 1)). Let y be 2/4 - 1/(-2). Let f(q) = -q + y + q - w*q. What is f(1)?
-2
Suppose 5*l = -0*l + 2*y + 13, -3*y - 17 = -5*l. Let j(v) = -l + 5*v - 3 - 3*v. Suppose 2*d - 6 = -0*d. Calculate j(d).
2
Let f(g) be the second derivative of -g**6/360 + g**5/120 - g**4/3 + 4*g. Let r(n) be the third derivative of f(n). Calculate r(1).
-1
Let s be (2 + -8*2)/(-2). Let l = s - 8. Let t = l - -3. Let w(o) = o - 1. Determine w(t).
1
Let h(i) = -i**2 - 4*i - 2. Let a be h(-4). Suppose 0 = o - 4*b - 4, o - 4 = -2*b + 5*b. Let v(p) = p - o*p - 1 + 0. Give v(a).
5
Let j(x) be the first derivative of -x**2/2 - 2*x - 4. Let q be j(-4). Let l(z) = z**2 - q*z**3 + 2 + z**2 + 0*z**2 + z. What is l(2)?
-4
Let t(x) = 2 + 0 + 0 - 4 + x. Calculate t(4).
2
Let g(d) = -d**2 - 4*d + 2. Let m(x) = -2 - 5 - x**2 - x + 3 - x**3. Let p be m(0). Calculate g(p).
2
Let f(s) = -2*s**2 + 3*s + 2. Let u(h) = h**2 - h. Let o(r) = f(r) + u(r). Give o(3).
-1
Let j(p) = -p - 1. Let v(f) = 4*f + 2. Let u(n) = 2*j(n) + v(n). Let g be ((-2)/5)/(3/(-15)). Let w = 0 + g. What is u(w)?
4
Let p = -350 - -8401/24. Let u(m) be the third derivative of 0 - m**2 - 1/3*m**3 + 0*m + p*m**4. Give u(6).
4
Let k = -7 + 11. Let g be -1 + (k - (-4 - -2)). Let y(q) = -q**3 + 9*q**2 - 8*q - 1. Let r(p) = p**3 - 10*p**2 + 9*p. Let u(f) = -3*r(f) - 4*y(f). Give u(g).
4
Let r(y) = -y**3 + y**2 + y. Let i be r(0). Let b(f) be the second derivative of 3*f + 3*f**2 + i + 7/6*f**3 + 1/20*f**5 + 7/12*f**4. What is b(-6)?
0
Let k = -165 + 164. Let v(q) = -19*q**2 - q - 1. What is v(k)?
-19
Let n be (-6)/9 - 14/6. Let m(q) = -q**3 + 2*q + 2. Calculate m(n).
23
Let j(v) = 3*v**3 + 5*v**2 + 11*v + 7. Let b(n) = -2*n**3 - 3*n**2 - 6*n - 4. Let k(z) = 7*b(z) + 4*j(z). Let p be (3/6*1)/((-3)/12). Give k(p).
8
Suppose 0 = -2*r - 3*r + 5. Let a = -3 + r. Let t(k) be the second derivative of -5*k**3/6 - k**2 - 4*k. What is t(a)?
8
Let z(v) = -1 + 3 + 0*v + 3*v. Let y be z(-2). Let i be (-2)/4*y/(-2). Let q(b) = 5*b**3 + 2*b**2 - 1. Determine q(i).
-4
Let v(o) be the second derivative of o**4/12 + 3*o**3/2 + 5*o**2 - 27*o. What is v(-8)?
2
Let u(f) be the first derivative of -3*f**2/2 - 5*f - 1. Suppose n + 3*n - 12 = 0, -2*d - 3*n = -1. Calculate u(d).
7
Let j = 1 - -1. Let u(l) = -3*l**3 - 5*l**2 + 5*l - 3. Let t(r) = -13*r**3 - 21*r**2 + 21*r - 11. Let k(c) = j*t(c) - 9*u(c). Give k(-4).
1
Let n(w) be the second derivative of -w**5/120 - 11*w**4/24 - w**3 - 6*w. Let q(t) be the second derivative of n(t). What is q(-7)?
-4
Let w(q) = -6*q - 4*q**2 - 6 + 7*q - q**3 + 4*q**2. Let j(i) = 5*i - 5 - 4 - 5*i**3 - 16. Let r(u) = -2*j(u) + 9*w(u). Calculate r(0).
-4
Suppose 12 = 3*l, -5*i + 8 = l + l. Let z(h) be the first derivative of 0*h**2 + i*h - 1/3*h**3 - 1/4*h**4 - 2. What is z(-1)?
0
Suppose -3*n + 12 = -0. Suppose n*v - 4 + 0 = 0. Let c(q) = 4*q**3 + 1. Determine c(v).
5
Let i be 6/((-4)/8*4) - 2. Let m(f) = 4*f + 2. What is m(i)?
-18
Let a(j) be the third derivative of 0*j - 1/6*j**3 - 1/4*j**4 + 0 - 1/60*j**5 + j**2. Determine a(-6).
-1
Let d be 2/6 - (-84)/18. Suppose -3*l + d*u - 15 = 2*l, -5*u + 15 = 3*l. Let p = l + 1. Let f(v) = -7*v. Determine f(p).
-7
Suppose -2*m - q - 8 = 3*m, -5 = -4*m + 3*q. Let c(d) = -4*d + 1. Determine c(m).
5
Let m(k) = -2*k**3 - 4*k**2 - 2*k + 1. Let j be m(-3). Suppose 5*r + 0*r + j = -4*o, -o = 4*r + 20. Let w = 6 + r. Let u(f) = 9*f**3 + 2*f - 1. Calculate u(w).
10
Let h(q) = -2*q - 6. Let k be h(-4). Let o(m) = k*m + 5*m - m + 5 + m**2. Determine o(-5).
0
Suppose 0 = -5*x + 7*x - 4. Let m(s) = -3*s**x + s - 3 + 0*s**3 - 5*s + 0*s**3 - s**3. Calculate m(-3).
9
Let d(s) = -s**3 + 4*s**2 + 2*s + 4. Let o be d(4). Suppose 0 = r - 5*r + o. Let m(p) = p**2 - 2*p + 2. Calculate m(r).
5
Let m(v) be the first derivative of v**3/3 - v**2 + 2*v - 2. Calculate m(2).
2
Let g(m) be the first derivative of -1/2*m**2 + 1/2*m**4 - 2*m - 2 - 1/3*m**3. What is g(2)?
8
Let p = 4 - -1. Let i(q) = 2*q - 6. Let x(g) = -4*g + 13. Let k(s) = 5*i(s) + 2*x(s). Determine k(p).
6
Let g(a) = a**2 - 6*a - 3. Suppose -i = -5*d + 33, 3*d = d - 4*i. Give g(d).
-3
Let y(k) be the second derivative of -7*k**4/6 + k**3/6 - 5*k. Calculate y(-1).
-15
Let s(v) be the second derivative of -v**4/12 + 4*v**3/3 + 9*v**2/2 + 19*v. Give s(10).
-11
Suppose 2*x = 2 + 8. Let y(j) = 5*j**3 - 2*j**2 + 7*j - 11. Let o(a) = -4*a**3 + 3*a**2 - 7*a + 10. Let m(w) = -4*o(w) - 3*y(w). Determine m(x).
3
Let i(b) = 10 + 48*b**2 - 24*b**2 - 25*b**2 - 6*b. Calculate i(-8).
-6
Let h(u) = u**3 + 1. Let o be h(1). Let f(l) be the first derivative of 1/2*l**2 - 2/3*l**3 + 5 - l. Calculate f(o).
-7
Let p(z) = -z**2 - z + 1. Let o be p(0). Let i(g) be the first derivative of -g**2/2 - g - 2. Calculate i(o).
-2
Let p(q) = -15 - 11*q - 7*q + 9*q**2 + q**3 + 6*q. Let d be p(-10). Let r(a) = -a - 1. Give r(d).
-6
Suppose -5*l - 12 = -2*y, 2*y = 6*y + l + 20. Let z = 13 - 13. Let g(d) = -d - 7 - 2 + z. Give g(y).
-5
Let o = 4 + -3. Let a = 6 - 3. Let q(t) = 3 - a - 5*t**2 + 2*t - 4*t**2 - 1. Calculate q(o).
-8
Let r(x) be the second derivative of x**3/6 + x**2 + 12*x. What is r(-4)?
-2
Let z(h) = -5*h - h + 0*h. Let q be (-3)/(-5) - (-8)/20. What is z(q)?
-6
Let i(l) be the second derivative of -l**5/20 + 5*l**4/12 - 5*l**3/6 - 6*l. Let t be i(4). Let z(w) = w. Give z(t).
-4
Let q(r) = -r**3 - r**2 + r + 5. Suppose 0*c - 3*c = 0. Let i be (0 + 0/1)/(-1). Let h = i + c. Determine q(h).
5
Let w = -2 + 2. Let t(b) = -1 + 1 + 0 - b. What is t(w)?
0
Let f = -29 + 26. Let k(r) = -r**2 - 2*r + 3. What is k(f)?
0
Let d = 6 + -3. Let b(a) = 0*a - 4 - 2 - 3*a + d - a**2. Determine b(-2).
-1
Let m(j) = 2*j**2 - 1. Let c = 5 - 0. Suppose 3*s + 4*y + c = 0, 3*s + 11 = -2*s - 4*y. Let a be (2 + 1)/s - -2. What is m(a)?
1
Let x be -1*(-6)/2*3. Let y(i) = i - 7. Let z be y(x). Let d(w) = -2*w + 3*w**3 - w**2 + 2 - 2*w**3 - 1. Give d(z).
1
Let u(d) = -d**2 - 7*d + 2. Let t be u(-7). Let b(v) = -1 + 3*v**3 - 3 + v**2 - t*v**3. Give b(0).
-4
Let k(y) = -y**2 - 3*y - 5. Let h be (44/33)/(1/(-3)). Give k(h).
-9
Let v(j) = -7*j**2 - 3*j + 8. Let r(l) = -8*l**2 - 3*l + 9. Let i(m) = 6*r(m) - 7*v(m). Calculate i(2).
8
Let t(p) = p + 3. Suppose 0 = -3*k - 7 - 5. Let b be (-2)/k*-4 + -3. Give t(b).
-2
Let q(t) = t**3 + t**2 - 3*t + 2. Let p be (-2)/(-7) + (-95)/(-35). Suppose p = -5*v - 12. What is q(v)?
-7
Let m = -94 - -94. Suppose 0 = 4*o + 3*w - 13 - 2, 27 = 5*o + w. Let g(c) = c + 15. Let b(l) = -l - 16. Let j(z) = o*b(z) + 7*g(z). Determine j(m).
9
Let o(w) = 9*w**3 + 17*w**2 - 5*w + 7. Let m(l) = -4*l**3 - 8*l**2 + 3*l - 4. Let r(v) = 7*m(v) + 3*o(v). Give r(-6).
-7
Let y(z) = z + 5 - 31*z**2 - 2 + 32*z**2. Give y(-3).
9
Let p be -3 + 3 - (-5)/((-5)/(-4)). Let h(r) be the second derivative of -1/3*r**3 + 1/3*r**p